18.
15
Calculate the remainder when 1711 is divided by 33.
28
Calculate the remainder when 136 is divided by 71.
65
Calculate the remainder when 107 is divided by 16.
11
Calculate the remainder when 402 is divided by 117.
51
Calculate the remainder when 477 is divided by 8.
5
What is the remainder when 134 is divided by 64?
6
What is the remainder when 825 is divided by 136?
9
What is the remainder when 493 is divided by 58?
29
Calculate the remainder when 146 is divided by 67.
12
What is the remainder when 934 is divided by 454?
26
Calculate the remainder when 84 is divided by 24.
12
Calculate the remainder when 888 is divided by 443.
2
What is the remainder when 1036 is divided by 1032?
4
What is the remainder when 138 is divided by 14?
12
Calculate the remainder when 203 is divided by 80.
43
Calculate the remainder when 114 is divided by 46.
22
Calculate the remainder when 2023 is divided by 2010.
13
What is the remainder when 318 is divided by 38?
14
Calculate the remainder when 185 is divided by 35.
10
What is the remainder when 301 is divided by 67?
33
Calculate the remainder when 69 is divided by 51.
18
Calculate the remainder when 45 is divided by 42.
3
Calculate the remainder when 629 is divided by 129.
113
Calculate the remainder when 232 is divided by 102.
28
What is the remainder when 68 is divided by 27?
14
What is the remainder when 617 is divided by 122?
7
Calculate the remainder when 211 is divided by 106.
105
What is the remainder when 1324 is divided by 326?
20
What is the remainder when 573 is divided by 48?
45
What is the remainder when 6902 is divided by 8?
6
Calculate the remainder when 633 is divided by 127.
125
What is the remainder when 70 is divided by 26?
18
What is the remainder when 763 is divided by 45?
43
What is the remainder when 131 is divided by 58?
15
What is the remainder when 14 is divided by 10?
4
Calculate the remainder when 1227 is divided by 113.
97
What is the remainder when 3409 is divided by 102?
43
Calculate the remainder when 502 is divided by 15.
7
What is the remainder when 169 is divided by 8?
1
What is the remainder when 277 is divided by 71?
64
Calculate the remainder when 2508 is divided by 16.
12
Calculate the remainder when 29 is divided by 6.
5
What is the remainder when 64 is divided by 20?
4
What is the remainder when 285 is divided by 70?
5
Calculate the remainder when 405 is divided by 85.
65
Calculate the remainder when 1847 is divided by 607.
26
Calculate the remainder when 170 is divided by 61.
48
Calculate the remainder when 189 is divided by 50.
39
Calculate the remainder when 320 is divided by 131.
58
Calculate the remainder when 417 is divided by 30.
27
Calculate the remainder when 270 is divided by 3.
0
What is the remainder when 291 is divided by 49?
46
Calculate the remainder when 3687 is divided by 6.
3
Calculate the remainder when 77 is divided by 41.
36
What is the remainder when 671 is divided by 227?
217
What is the remainder when 555 is divided by 80?
75
Calculate the remainder when 843 is divided by 40.
3
Calculate the remainder when 107 is divided by 39.
29
What is the remainder when 151 is divided by 77?
74
What is the remainder when 908 is divided by 222?
20
What is the remainder when 119 is divided by 61?
58
What is the remainder when 493 is divided by 172?
149
What is the remainder when 56 is divided by 6?
2
What is the remainder when 954 is divided by 11?
8
Calculate the remainder when 699 is divided by 101.
93
Calculate the remainder when 154 is divided by 15.
4
Calculate the remainder when 2544 is divided by 631.
20
Calculate the remainder when 754 is divided by 18.
16
Calculate the remainder when 599 is divided by 50.
49
What is the remainder when 125 is divided by 32?
29
Calculate the remainder when 169 is divided by 167.
2
Calculate the remainder when 439 is divided by 118.
85
What is the remainder when 107 is divided by 47?
13
Calculate the remainder when 20886 is divided by 14.
12
What is the remainder when 38 is divided by 14?
10
What is the remainder when 948 is divided by 189?
3
What is the remainder when 74 is divided by 54?
20
What is the remainder when 1619 is divided by 7?
2
What is the remainder when 519 is divided by 5?
4
What is the remainder when 1403 is divided by 14?
3
Calculate the remainder when 211 is divided by 27.
22
Calculate the remainder when 716 is divided by 704.
12
Calculate the remainder when 443 is divided by 15.
8
What is the remainder when 5525 is divided by 69?
5
Calculate the remainder when 471 is divided by 153.
12
Calculate the remainder when 94 is divided by 31.
1
What is the remainder when 1023 is divided by 63?
15
What is the remainder when 362 is divided by 61?
57
Calculate the remainder when 3099 is divided by 207.
201
What is the remainder when 194 is divided by 8?
2
What is the remainder when 3199 is divided by 25?
24
What is the remainder when 293 is divided by 6?
5
What is the remainder when 79 is divided by 41?
38
What is the remainder when 1339 is divided by 79?
75
Calculate the remainder when 3289 is divided by 1094.
7
Calculate the remainder when 1575 is divided by 158.
153
Calculate the remainder when 96 is divided by 8.
0
Calculate the remainder when 4071 is divided by 814.
1
Calculate the remainder when 2290 is divided by 153.
148
What is the remainder when 262 is divided by 24?
22
What is the remainder when 624 is divided by 5?
4
Calculate the remainder when 230 is divided by 131.
99
Calculate the remainder when 1041 is divided by 82.
57
Calculate the remainder when 245 is divided by 18.
11
Calculate the remainder when 25438 is divided by 99.
94
Calculate the remainder when 887 is divided by 10.
7
Calculate the remainder when 488 is divided by 17.
12
What is the remainder when 3133 is divided by 95?
93
Calculate the remainder when 712 is divided by 112.
40
Calculate the remainder when 115 is divided by 27.
7
Calculate the remainder when 79 is divided by 64.
15
What is the remainder when 79 is divided by 54?
25
Calculate the remainder when 1177 is divided by 84.
1
Calculate the remainder when 1400 is divided by 13.
9
What is the remainder when 361 is divided by 85?
21
What is the remainder when 111 is divided by 41?
29
Calculate the remainder when 280 is divided by 97.
86
What is the remainder when 432 is divided by 31?
29
Calculate the remainder when 5053 is divided by 15.
13
What is the remainder when 4723 is divided by 19?
11
Calculate the remainder when 13565 is divided by 128.
125
Calculate the remainder when 283 is divided by 280.
3
What is the remainder when 432 is divided by 56?
40
What is the remainder when 4297 is divided by 100?
97
What is the remainder when 565 is divided by 21?
19
Calculate the remainder when 105 is divided by 34.
3
Calculate the remainder when 1350 is divided by 32.
6
What is the remainder when 178 is divided by 57?
7
Calculate the remainder when 219 is divided by 7.
2
Calculate the remainder when 3693 is divided by 56.
53
Calculate the remainder when 1390 is divided by 689.
12
What is the remainder when 212 is divided by 37?
27
What is the remainder when 79 is divided by 15?
4
Calculate the remainder when 501 is divided by 29.
8
What is the remainder when 3213 is divided by 7?
0
Calculate the remainder when 546 is divided by 56.
42
What is the remainder when 135 is divided by 28?
23
What is the remainder when 436 is divided by 188?
60
What is the remainder when 155 is divided by 55?
45
What is the remainder when 450 is divided by 63?
9
Calculate the remainder when 939 is divided by 29.
11
What is the remainder when 1544 is divided by 86?
82
What is the remainder when 53 is divided by 2?
1
Calculate the remainder when 1727 is divided by 48.
47
Calculate the remainder when 2983 is divided by 61.
55
What is the remainder when 1078 is divided by 4?
2
Calculate the remainder when 415 is divided by 412.
3
What is the remainder when 14 is divided by 4?
2
What is the remainder when 1969 is divided by 19?
12
What is the remainder when 484 is divided by 19?
9
Calculate the remainder when 179 is divided by 172.
7
What is the remainder when 355 is divided by 164?
27
Calculate the remainder when 139 is divided by 14.
13
Calculate the remainder when 928 is divided by 337.
254
Calculate